u. What is the tens digit of x?
6
Let y = 251 - 234. Let v(x) = x**2 + 16*x + 2. What is the tens digit of v(y)?
6
What is the units digit of (133284/(-290))/((-6)/80) - -5?
3
Suppose 0 = -z + 18*z - 697. Let c = z - -267. What is the units digit of c?
8
Let q(y) = -7*y - 366. Let f be q(-48). What is the units digit of (56/f - -2) + 335639/345?
3
Suppose -28*z + 26*z = -6. Suppose o - 3*o = v - 1, -z = -o - 3*v. Suppose o = 6*u - 11 - 49. What is the units digit of u?
0
Let s(h) = -5*h**3 + 12*h**2 + 10*h - 3. Let r be s(9). Let j = -1516 - r. What is the tens digit of j/12 + 2*(-3)/36?
8
Suppose -16*v - 304696 = -29*v - 43*v. What is the thousands digit of v?
5
Suppose 3*i - 3*a - 96699 = 0, 0 = -20*i + 12*a - 17*a + 644460. What is the tens digit of i?
2
Let z = -635 - -642. Suppose 10648 = 15*k + z*k. What is the tens digit of k?
8
Let h(x) = 50*x + 1. Let a be h(3). Suppose 162 = 8*b - 1854. Let u = b - a. What is the units digit of u?
1
Let b be 2/(0 - (-2 - -1)). Suppose h = b*u - 3, -4*h + 21 = h - u. What is the units digit of 3/h + 984/10?
9
Let a = -165 - 88. Let d = a + 461. What is the units digit of d?
8
Suppose 0*u = -2*l + u + 9, -3*l = 3*u - 9. Suppose -3*d = -l + 4. Suppose f - 1 = -d. What is the units digit of f?
1
What is the units digit of (402/9)/(9 - 8125/903)?
7
Suppose -13*u + 28236 = 743 - 41667. What is the tens digit of u?
2
Suppose -427 = -3*l + 5*p + 958, -2370 = -5*l - 4*p. Suppose -3*z - l + 1502 = 0. What is the units digit of z?
4
Suppose -3*l = -2*n + 16783, -7*n + 11*n = 5*l + 33569. What is the tens digit of n?
9
Suppose 240*k - 427*k = -5332492. What is the thousands digit of k?
8
What is the units digit of -20 - (-27 + 11 - 68101)?
7
Suppose -3*b - 3 = -2*b, -2*v - 4*b + 34994 = 0. Suppose v = 30*k - 7*k. What is the units digit of k?
1
Let x(u) = u**3 - u. Let d(k) = 14*k**3 + 3*k**2 + 2*k + 4. Let w(b) = d(b) + 4*x(b). What is the units digit of w(3)?
1
Let d be 86/2*1/3*3. Suppose 10*b + 3 = d. What is the tens digit of (b + -5)/((-2)/138)?
6
Suppose 824 = 2*a + 3*y, -3*a + y + 539 = -675. Suppose -2*j + 258 = 3*c, -c - a = -3*j + 4*c. What is the tens digit of j?
3
Let i = 29 + -29. Let n(l) = -l**2 + l - 7. Let w be n(i). Let p(k) = k**3 + 7*k**2 - 7*k - 4. What is the units digit of p(w)?
5
What is the ten thousands digit of (-8)/252*3 + 1790575/105 + -5?
1
Suppose 45*l - 233166 = 283929. What is the hundreds digit of l?
4
Suppose 12*j - 13*j - 7 = 0. Let c(b) = -16*b + 31 + 71 - 151. What is the units digit of c(j)?
3
What is the hundreds digit of (-5)/((-14)/((-4767224)/(-110)))?
4
Let m(u) = -11*u**2 + 5*u + 22. Let z be m(10). What is the hundreds digit of (-5 - z) + (10 - 6)?
0
Let o = -1894 + 3628. What is the thousands digit of o?
1
Let w = -144 + 153. Suppose -w*x - 824 = -v - 7*x, 4*x - 3296 = -4*v. What is the units digit of v?
4
Suppose 3*c + 4*u = 22, -2*c + 4*u - 28 = -6*c. Suppose -28 = c*f - 8*f. What is the units digit of 1 - -3*(2 + f)?
9
Let g = 967 - -757. Suppose 7*d - 1363 = g. What is the tens digit of d?
4
Suppose 2*q - 20 = -2*q, 0 = 2*o - q - 113. Suppose h - o = -2. What is the tens digit of h?
5
Suppose -156*u + 137*u = -468901. What is the units digit of u?
9
Let i(p) = 8*p**2 + 3*p - 3. Let d be i(-3). Suppose -4*x + 160 = 5*a, 6*x + 179 = 11*x + a. Let h = d - x. What is the tens digit of h?
2
Suppose 589 = -u + 587, -v + 1859 = -2*u. What is the hundreds digit of v?
8
Suppose y - 17638 = -4*g + 9445, 3 = y. What is the hundreds digit of g/14 - (24/7)/(-8)?
4
Let y = 263 - 48. Let l = -124 + y. Let o = 196 - l. What is the units digit of o?
5
Suppose 10281 = 6*r + 3*m, -240*m + 3442 = 2*r - 244*m. What is the thousands digit of r?
1
Let b(f) = 2*f**3 + 103. Let j(s) = s**3 - s**2 + 1. Let d(m) = b(m) - j(m). Suppose -4*h = 5*h. What is the units digit of d(h)?
2
Let p = 96 + -88. Let i be 464 - 1*p/2. Suppose 0 = 7*m - 2231 + i. What is the units digit of m?
3
Suppose 29 = -49*r + 54*r - 2*k, -k = -3*r + 17. Suppose r*i + 1374 = 4104. What is the hundreds digit of i?
5
What is the hundreds digit of -2*3 + (26309/(-4))/(32/(-128))?
3
Suppose -7*j - 65 = -93. Let p(w) = 203*w - 174. What is the tens digit of p(j)?
3
Suppose -22110 = -16*d - 6*d. Let u = 1839 - d. What is the hundreds digit of u?
8
Suppose 3*j = -j + 5*r + 59, 3*j - 36 = r. Suppose -24 = -j*t + 779. What is the tens digit of t?
7
Let m(a) = -a**3 + 61*a + 102. What is the thousands digit of m(-15)?
2
Suppose -2*u + 70715 = w, -w - 184*u + 189*u = -70694. What is the units digit of w?
9
Let o = 1638 + 4500. What is the tens digit of 3/6*o/11?
7
Let a(b) = b**3 + b**2 + 4*b + 19992. What is the units digit of a(0)?
2
Suppose 4*i + 88780 = -2*o + 282164, i - o = 48358. What is the hundreds digit of i?
3
Let m(b) = 121*b**2 + 277*b - 124. What is the ten thousands digit of m(-22)?
5
Let q(s) = -8*s - 11. Let v = 0 - -12. Let c = v - 19. What is the tens digit of q(c)?
4
Suppose 1769 = 5*c + 2*r, 5*r - 907 = -2*c - 191. What is the hundreds digit of (0 - -1) + c - (17 + -13)?
3
Let c(g) = 2268*g - 1337. What is the hundreds digit of c(12)?
8
Suppose 0 = 14*g - 21*g + 28. Suppose 2*i - 4668 = -i + 3*o, 2*i - 3094 = -g*o. What is the units digit of i?
3
Let m = 3392 - 1336. What is the units digit of m?
6
Let t = 120 - 116. Let d(f) = 12*f**3 + f**2 + 11*f - 35. What is the hundreds digit of d(t)?
7
Let j(f) = 587*f + 4224. What is the units digit of j(8)?
0
What is the tens digit of (-4)/(-2)*7894838/1036?
4
Suppose -x + 3*x + 33 = -5*w, x = 5*w + 21. Let u(k) = -k**3 - 5*k**2 - 5*k - 6. Let l be u(x). What is the units digit of -2 - l - (-4 - (68 + -3))?
9
Let k be 15 + (4/8 - 14/4). Suppose 16*v = 12*v + k. What is the units digit of (-3 + -6)/v - -27?
4
Let z = 284 + -277. Suppose 2157 = z*s - 2043. What is the units digit of s?
0
Let v(q) = 4288*q - 1633. What is the thousands digit of v(4)?
5
Let b be (-4727)/(-21) + (1339/273 - 5). Let n = b - 164. What is the units digit of n?
1
Suppose -24*p - 29095 = -28*p - 3*x, 0 = -4*p + 4*x + 29116. What is the hundreds digit of p?
2
Let p(t) = 2*t**2 + 46*t + 65. Let c be p(-19). Suppose 0*s - 540 = -3*s. Let y = c + s. What is the units digit of y?
3
Let l(x) = -x**2 + 252*x + 6040. What is the hundreds digit of l(131)?
8
Suppose -18*l + 160244 = -84*l + 921356. What is the ten thousands digit of l?
1
Let d(l) = -l**3 - 28*l**2 - 30*l - 16. Let g = 122 - 149. Let o be d(g). Let n = o - 5. What is the tens digit of n?
6
Suppose 0 = -l + 3*c - 9, -6*l - 3 = -2*l - c. What is the units digit of (19 - l)*(-261)/(-9)?
1
Let r be 2/(-6)*3/2*-58. Suppose 3*o = m + 5*o - 32, 0 = -4*m + 5*o + 115. Suppose -r*b = -m*b + 21. What is the tens digit of b?
2
Suppose 7*q - 3243 = 2791. Let l = q - 551. What is the hundreds digit of l?
3
Let p = -18036 + 37125. What is the ten thousands digit of p?
1
Let y(k) = k**3 + 18*k**2 - 64*k - 18. Let p be y(-21). What is the tens digit of p + ((-16)/(-4))/(-2) + 282?
8
Let z(n) = n**3 - 2*n**2 - 2*n. Let x be z(3). Suppose x*l - 383 = 307. Let a = 358 - l. What is the tens digit of a?
2
Suppose -5 = r, -9 = f + 3*r - 0. Let s be 20/f*(-294)/(-4). Suppose -3*d + b = -s - 213, d - 131 = -4*b. What is the hundreds digit of d?
1
Let i be 18/(-4)*8/(-12). Suppose 0 = -p - 4*o + 12, -p + 3 = -7*o + 2*o. Suppose i*h - 5*h + p = 0. What is the units digit of h?
4
Suppose -4*h = 4*m - 29516, -h = -152*m + 147*m - 7361. What is the thousands digit of h?
7
Suppose -25*b + 377 - 1002 = 0. Let h(o) = -o**3 - 24*o**2 + 17*o - 4. What is the tens digit of h(b)?
9
Suppose -764024 = -77*f + 34*f. What is the tens digit of f?
6
Let a(u) = -2466*u + 360. What is the thousands digit of a(-1)?
2
Let m = 99280 + -60773. What is the thousands digit of m?
8
Let i = -83 - -135. Suppose -i*j = -48*j - 796. What is the units digit of j?
9
Let j = -6390 - -11068. What is the thousands digit of j?
4
What is the tens digit of (-1)/(-14) + 43912/112*97?
3
Let k = 16 + -10. Suppose k = f + 2*f. Suppose 16 = -4*r, f*w + 2*w + 5*r = 296. What is the tens digit of w?
7
Suppose 15234 = -4*p + 21*p - 52375. What is the hundreds digit of p?
9
Suppose 0 = -33*t - 129*t + 732151 + 779471. What is the tens digit of t?
3
Suppose 4*o = 12, 5*t - 4*o + 5 = 13. Suppose 2*u = 